factors of -8*(-12 + (-205155)/30)?
2, 3, 4567
Let j(y) = y**3 + 5*y**2 - 29*y - 52. Let z be j(-8). Let x be (48*-2)/((-9)/6). Let i = z + x. What are the prime factors of i?
2, 13
List the prime factors of 1319*101/10 + (-810)/(-100) + -8.
2, 6661
Let b(v) = v**3 + 42*v**2 + 24*v + 58. Let d be b(-36). Suppose d = -15*c + 21025. What are the prime factors of c?
937
Suppose 0 = 3*b - 0*b + 6. Suppose j + 4*j - 4*f - 28 = 0, 0 = -3*j - 3*f + 6. List the prime factors of (0 + b - j/(-12))*-3.
5
What are the prime factors of (-3555)/6*880/(-132)?
2, 5, 79
Let z be ((-3)/2)/(14945/4984 - 3). Suppose -2*r + z = 2*s, 4*r = 2*s + 754 - 1816. What are the prime factors of s?
13, 41
Suppose 10*a = 15*a + 5*y - 46295, 27785 = 3*a - 5*y. What are the prime factors of a?
2, 5, 463
What are the prime factors of 1/9 + 0 - (-39026279)/3789?
2, 5, 103
Let z = -6531 - -13776. What are the prime factors of z?
3, 5, 7, 23
Suppose 7*v - 210 = -49. Let z = 1077 - v. List the prime factors of z.
2, 17, 31
Let t(k) = -11*k + 4*k - 21*k - 19. List the prime factors of t(-19).
3, 19
Suppose 86*c = 4*a + 91*c - 193560, -5*c + 241940 = 5*a. List the prime factors of a.
2, 5, 41, 59
Suppose -60*h + 1589407 + 365753 = 0. What are the prime factors of h?
2, 3, 5431
List the prime factors of (-1545)/(-6695) - 130725/(-13).
2, 3, 419
Let y(m) = m. Let c be y(15). Let l = c - 11. Suppose -3*b - 5*g + 410 = 0, 2*b - 215 - 57 = -l*g. List the prime factors of b.
2, 5, 7
Suppose -43*j = -44*j - 5*o + 104, -520 = -5*j + o. Suppose j*h - 111*h + 2002 = 0. What are the prime factors of h?
2, 11, 13
Let w = 20549 - -743. What are the prime factors of w?
2, 5323
Let q(y) = 9*y**3 - 14*y**2 - 16*y - 75. Let x(l) = -5*l**3 + 7*l**2 + 8*l + 38. Let m(u) = -4*q(u) - 7*x(u). List the prime factors of m(-5).
2, 3, 7
Suppose -276*q + 3154464 = 31*q + 17*q. List the prime factors of q.
2, 1217
Suppose -3*w = 3*x - 39990, -3*x + 27*w + 39974 = 26*w. List the prime factors of x.
2, 3, 2221
Let r = 359 - 543. What are the prime factors of 4 - ((-138)/r + 1767/(-4))?
5, 89
Let c be (4/(-9))/((-47)/9 + 5). Suppose 16*v = c*v + 7560. What are the prime factors of v?
2, 3, 5
Suppose 2*d - 24456 = -5*v + 14558, -2*d = 4*v - 31212. What are the prime factors of v?
2, 47, 83
Suppose 2*k = 317 + 223. Let s be -4 + (-6 - 6*75/(-6)). Let z = k - s. What are the prime factors of z?
5, 41
Let r(w) be the third derivative of 209*w**4/12 - 51*w**3 - 252*w**2. List the prime factors of r(4).
2, 683
Suppose 4*f - 39 + 15 = 0, 0 = 5*h + 3*f - 52528. List the prime factors of h.
2, 59, 89
Suppose 2*c = -5*k + 644, -c - 5*k = -0*k - 322. Suppose 2*p = -16 + c. What are the prime factors of p?
3, 17
Suppose -v = 5*t - 28498, -10*t - 28508 = -15*t + 4*v. List the prime factors of t.
2, 3, 5, 19
Let x(n) = 86*n**2 + n - 1. Let t be x(1). Let v = t + 7. Suppose -131 = -2*p + v. What are the prime factors of p?
2, 7
Let s(k) = 97*k + 441. What are the prime factors of s(3)?
2, 3, 61
Suppose -24*s + 29*s - 86627 = -2*z, 4*z - 2*s = 173170. List the prime factors of z.
2, 3, 11, 41
Let j(t) be the third derivative of -t**5/60 - t**4/6 + 3751*t**3/6 + 29*t**2. Let u be j(0). What are the prime factors of u/77 - (-4)/14?
7
Suppose 5 = 5*m + 5*d, -2*m = 3*m - d - 23. List the prime factors of (9/m - 3)/((-6)/136).
17
Let d(b) = 0*b - 11 - 15 - 2*b. Let z be d(-16). Suppose 0 = -z*a - 35 + 107. List the prime factors of a.
2, 3
Let r = -8 - -78. Let g = 183 - r. Suppose -j = -g - 2. What are the prime factors of j?
5, 23
Let l be (-125)/(-50)*(2 + 0). Suppose 5*x - 2*x - 894 = -o, l*o - 3*x - 4434 = 0. What are the prime factors of o?
2, 3, 37
Let j(k) = -63*k - 82. Let u be j(-26). Let i = u - 514. List the prime factors of i.
2, 521
Let z(c) = 55*c**2 - 6*c - 335. What are the prime factors of z(-12)?
13, 19, 31
Suppose -93*b + 57169 + 9535 = -5*b. What are the prime factors of b?
2, 379
Let h(k) = 509*k**2 - 42*k + 196. List the prime factors of h(4).
2, 3, 227
List the prime factors of 241336/32 - 12/16.
7541
Let a = -117 + 89. Let m = a - -56. Let h = m - -60. List the prime factors of h.
2, 11
Suppose -5*y + 127 = -o, 0 = 4*y - 5*o - 65 - 24. Let b = 26 - y. Suppose -4*d + 2*t + t + 444 = 0, b = -4*d + 4*t + 444. What are the prime factors of d?
3, 37
Let o = 7478 + -4913. Suppose o = -22*b + 14423. List the prime factors of b.
7, 11
Suppose 5*o - 25 = 0, 5*d + 5*o - 208 = 2*d. Suppose 4*c - d - 1123 = 0. Suppose 40 - c = -4*f. List the prime factors of f.
2
Suppose -18*y + 23916 + 6342 = 0. List the prime factors of y.
41
Suppose 10*y - 13*y = r - 6370, 0 = -r - 5. List the prime factors of y.
5, 17
Let b(l) = -3*l**2 - 6*l + 4. Let d be b(-2). Suppose -808 = -s - 4*r - 30, 0 = -d*s + 2*r + 3040. What are the prime factors of s?
2, 3, 127
Let g = -657 + 670. Let t be 4*(-4)/8 + 734. Suppose -g*x = -19*x + t. What are the prime factors of x?
2, 61
Let x(w) = -2*w**2 + 3*w. Let z be (-5 + (5 - -2))*(-1 - -2). Let g be x(z). List the prime factors of 51 + g/(-2)*4.
5, 11
Suppose 2*r - 1360 = 12*r. Let u = -46 - r. What are the prime factors of u?
2, 3, 5
Suppose -5*z + 4*a + 49 = 0, 0 = 2*z - z - 3*a - 12. What are the prime factors of -43*(7 - 16)/z?
43
Suppose -6*i + 8191 = z, -6*i = z - 5*i - 8201. Suppose 18*m - 3353 = z. What are the prime factors of m?
2, 3, 107
Let n(d) be the second derivative of -2*d**3/3 - 20*d**2 - 22*d. Let o(b) = b**2 + 7*b + 81. Let u(c) = 5*n(c) + 2*o(c). What are the prime factors of u(9)?
2, 5, 7
Suppose x - 17 = -2*m + 3, 5*x = 4*m - 40. Suppose -m*p = -7*p - 15. Suppose w = f - 90, -p*w + 187 = -0*f + 2*f. List the prime factors of f.
7, 13
Let a be 399/9 + 4/6. Suppose -2*k + g - 2*g + 25 = 0, -5*k = -g - a. Suppose p = s - 3*s + k, -p + 12 = s. What are the prime factors of p?
2, 7
What are the prime factors of (31/(-5) - -5) + 612389/95?
5, 1289
Let v = -40 - -48. Suppose 6 - v = r. List the prime factors of ((-156)/4)/(-1) - r.
41
Suppose 5*q - 41720 = -5*b, -4*b - 15380 = -2*q + 1344. What are the prime factors of q?
2, 5, 167
Suppose -2*s + 0*s + 5*f + 41 = 0, -3*s - 5*f = 1. Suppose -188 = s*u - 10*u. What are the prime factors of 1/2*(-4 - -10) + u?
97
Let i(l) = l**2 + 13*l + 5. Let s be i(-6). Let x = s - -42. Suppose -x*c - 42 = -r, -3*r + 0*c = 3*c - 108. List the prime factors of r.
37
Let u = 97 - 93. Let f(j) = -j**2 + j + 12. Let t be f(u). Suppose 5*a = -4*p + 236, -59 = -t*p - p - a. What are the prime factors of p?
59
Suppose -4*r - 670 = -9*r. Let d = 187 - r. What are the prime factors of d?
53
Let x = -8 + 23. Suppose -x*a - 4*a + 8417 = 0. List the prime factors of a.
443
Let u(c) = -5*c + 77. Let z be u(15). Suppose -5*f = -3*n - 2850, 2*f - 2*n - 2280 = -z*f. What are the prime factors of f?
2, 3, 5, 19
Let y = -8458 - -16682. List the prime factors of y.
2, 257
Suppose 0 = -j + 4*y + 75, -4*j - 10*y + 356 = -12*y. Suppose 0 = -2*g + k - 38 + 117, 2*g - 5*k = j. List the prime factors of g/(5/((-260)/(-8))).
13, 19
Let t(z) = -z - 5. Let w be t(-5). Let s(x) = x**2 + x + 3. Let u(k) = 3*k**2 + 3*k + 9. Let c(p) = 7*s(p) - 2*u(p). What are the prime factors of c(w)?
3
Let y be 2/((-20)/(-13305)*(-6)/4). Let u = -421 - y. List the prime factors of u.
2, 233
Let s(j) = j**2 + 2*j - 12. Let m(a) = -a**3 - a**2 - 5. Let x be m(0). Let h be s(x). What are the prime factors of 4*(h - 4) - (-1 + -21)?
2, 3
Let l(c) = 28*c - 7 - 1 - 4. Suppose 3*q + 77 = 92. List the prime factors of l(q).
2
Let c = -20011 - -26008. What are the prime factors of c?
3, 1999
Suppose 27*r - 32*r = 0. Suppose -s - 2*s + 9 = r. Suppose -u - s*c = -60, u + 3*u = -c + 207. List the prime factors of u.
3, 17
Let u = -20550 + 37004. What are the prime factors of u?
2, 19, 433
List the prime factors of (1282/8)/(((-21)/28)/(387/(-3))).
43, 641
Let s = 27180 - 12619. List the prime factors of s.
14561
Let v = 17 - 15. Suppose 3*g + 18 = 5*x, 0 = -v*x + 5*x - 3*g - 12. Suppose 221 = 2*t + n, -t + 219 = t + x*n. List the prime factors of t.
3, 37
Let d(k) = 1347*k + 2028. What are the prime factors of d(11)?
3, 5, 1123
Let s = 8968 - -314. List the prime factors of s.
2, 3, 7, 13, 17
Let o be (-12)/4*4/(-6). Let k(i) = -17231 - 3*i + 0*i + 15*i**2 + 17235. What are the prime factors of k(o)?
